{"id":1020,"date":"2026-01-27T15:46:15","date_gmt":"2026-01-27T14:46:15","guid":{"rendered":"https:\/\/sp130.edu.pl\/?page_id=1020"},"modified":"2026-01-27T15:48:18","modified_gmt":"2026-01-27T14:48:18","slug":"cyfrowy-uczen","status":"publish","type":"page","link":"https:\/\/sp130.edu.pl\/index.php\/projekty\/cyfrowy-uczen\/","title":{"rendered":"Cyfrowy Ucze\u0144"},"content":{"rendered":"\n<p>\u201eCyfrowy ucze\u0144\u201d to projekt edukacyjny rozwijaj\u0105cy kompetencje cyfrowe uczni\u00f3w i ucz\u0105cy bezpiecznego korzystania z technologii. Uczniowie zdobywaj\u0105 umiej\u0119tno\u015bci pracy z narz\u0119dziami informatycznymi, wyszukiwania informacji oraz wsp\u00f3\u0142pracy online.<\/p>\n\n\n\n<p>Szko\u0142y uczestnicz\u0105ce w projekcie s\u0105 wyposa\u017cone w nowoczesny sprz\u0119t informatyczny i szybki Internet, a \u015brodki na realizacj\u0119 projektu pochodz\u0105 z Krajowego Planu Odbudowy (KPO).<\/p>\n","protected":false},"excerpt":{"rendered":"<p>\u201eCyfrowy ucze\u0144\u201d to projekt edukacyjny rozwijaj\u0105cy kompetencje cyfrowe uczni\u00f3w i ucz\u0105cy bezpiecznego korzystania z technologii. Uczniowie zdobywaj\u0105 umiej\u0119tno\u015bci pracy z narz\u0119dziami informatycznymi, wyszukiwania informacji oraz wsp\u00f3\u0142pracy online. Szko\u0142y uczestnicz\u0105ce w projekcie s\u0105 wyposa\u017cone w nowoczesny sprz\u0119t informatyczny i szybki Internet, a \u015brodki na realizacj\u0119 projektu pochodz\u0105 z Krajowego Planu Odbudowy (KPO).<\/p>\n","protected":false},"author":3,"featured_media":1021,"parent":333,"menu_order":0,"comment_status":"closed","ping_status":"closed","template":"","meta":{"footnotes":""},"class_list":["post-1020","page","type-page","status-publish","has-post-thumbnail","hentry"],"_links":{"self":[{"href":"https:\/\/sp130.edu.pl\/index.php\/wp-json\/wp\/v2\/pages\/1020","targetHints":{"allow":["GET"]}}],"collection":[{"href":"https:\/\/sp130.edu.pl\/index.php\/wp-json\/wp\/v2\/pages"}],"about":[{"href":"https:\/\/sp130.edu.pl\/index.php\/wp-json\/wp\/v2\/types\/page"}],"author":[{"embeddable":true,"href":"https:\/\/sp130.edu.pl\/index.php\/wp-json\/wp\/v2\/users\/3"}],"replies":[{"embeddable":true,"href":"https:\/\/sp130.edu.pl\/index.php\/wp-json\/wp\/v2\/comments?post=1020"}],"version-history":[{"count":1,"href":"https:\/\/sp130.edu.pl\/index.php\/wp-json\/wp\/v2\/pages\/1020\/revisions"}],"predecessor-version":[{"id":1022,"href":"https:\/\/sp130.edu.pl\/index.php\/wp-json\/wp\/v2\/pages\/1020\/revisions\/1022"}],"up":[{"embeddable":true,"href":"https:\/\/sp130.edu.pl\/index.php\/wp-json\/wp\/v2\/pages\/333"}],"wp:featuredmedia":[{"embeddable":true,"href":"https:\/\/sp130.edu.pl\/index.php\/wp-json\/wp\/v2\/media\/1021"}],"wp:attachment":[{"href":"https:\/\/sp130.edu.pl\/index.php\/wp-json\/wp\/v2\/media?parent=1020"}],"curies":[{"name":"wp","href":"https:\/\/api.w.org\/{rel}","templated":true}]}}